)?
0
Suppose -l + g = -17518, 2*g = -l + 2631 + 14878. What is the tens digit of l?
1
Suppose 25687 = 64*s - 304105. What is the tens digit of s?
5
Suppose 28 = 5*p + 2*p. Suppose 0*s + 4*m + 488 = 2*s, 3*s - 712 = -p*m. What is the units digit of s?
0
Let r(g) = g - 1. Let l be r(-1). Let u(i) = i**2 - 13*i - 37. Let j be u(15). Let m = l - j. What is the units digit of m?
5
Let b(k) be the first derivative of 1/3*k**3 - 7*k**2 + 6 + 27*k. What is the tens digit of b(14)?
2
Suppose -5*c - 4*q + 44 = -8*q, 14 = 2*c + 2*q. Let z = -3 + c. Suppose -4*h - 40 = -z*h. What is the units digit of h?
0
Let x be 18/27 + 1/((-9)/(-21)). Suppose r + x*p + p - 383 = 0, 1513 = 4*r - 3*p. What is the hundreds digit of r?
3
Let y(u) be the second derivative of -7*u**3/3 + 61*u**2 - 4*u. What is the units digit of y(-23)?
4
Let v(x) = 25*x - 5. Let f(h) = -5*h**2 - 10*h - 4. Let m(a) = a**2 - a. Let r(c) = f(c) + 3*m(c). Let l be r(-6). What is the units digit of v(l)?
5
Let i(y) = 26*y**2 - 18*y - 131. Let w be i(13). Suppose 8*d - 5*d - w = -3*f, 5*f = -d + 1335. What is the thousands digit of d?
1
Let y be (-3)/(-2) - 2/(-4). Suppose 66*g + 23 = 23. Suppose -j - 3*q + 42 = 0, -q + 59 = -g*j + y*j. What is the units digit of j?
7
Suppose -2*t + 6*t - 107 = -d, -553 = -5*d - 2*t. Suppose 4*y + 5*x - 955 = 0, 6*y = 8*y + x - 479. Let r = y - d. What is the hundreds digit of r?
1
Let a = 5034 + -3009. Suppose 10*y + a = 15*y. What is the units digit of y?
5
What is the units digit of (-2)/(-10) + 296/(-111) + (-122354)/(-30)?
6
Suppose -2 = 3*y - 5. What is the hundreds digit of 387 - 2*1*y/(-1)?
3
Suppose 5*a + 5*b = 9745, 19*a - 14*a - 2*b = 9703. What is the hundreds digit of a?
9
Let c(r) = 2628*r + 3415. What is the thousands digit of c(4)?
3
Let s(b) = -b**2 + 9*b + 2. Let n be s(9). Suppose -27 = -n*d - d. What is the units digit of (-14 + d)*62/(-5)?
2
Suppose 2*a - 11482 = -2*q, 0 = 4*q - 5*q - 2*a + 5743. What is the units digit of q?
9
Let r(b) = 40*b - 812. What is the thousands digit of r(56)?
1
Let q(a) = -145*a**3 + 10*a**2 + 11*a - 8. What is the tens digit of q(-4)?
8
Suppose -1650 = 5*d + g, -5 = -7*g + 6*g. Let q = d + 642. What is the units digit of q?
1
Let v(b) = -7996*b + 833. What is the ten thousands digit of v(-3)?
2
What is the thousands digit of (-2)/(-1) - ((-4595 - -9) + 22)?
4
Suppose -6*a + 6 = -4*a. Suppose 9*b + 2819 = 14*b - 3*m, -a*b - 4*m = -1703. What is the tens digit of b?
6
Suppose -56*u + 386214 = 3*u. What is the hundreds digit of u?
5
Suppose 5*n = -15, 2*o + 2*n = -0*o. Suppose 532 = o*k - 4*q, -4*k - 3*q = -2*q - 684. What is the hundreds digit of k?
1
Let h(t) = 1225*t - 86. Let a be h(3). Suppose -9*u + a = 475. What is the units digit of u?
6
Let b = -27 - -31. Suppose 5*u + 1 = b*p, 2*p - 17 = 2*u - 5*u. Suppose p*q + h = 189, -3*q + 147 = 2*h - 1. What is the tens digit of q?
4
Suppose -50 = k + d - 0*d, -4*k - 176 = -4*d. Let f be 57/(-4)*(-148)/(-111). Let o = f - k. What is the units digit of o?
8
Let o(g) = 65*g. Let v be o(1). Let c = 12 + v. Suppose 5*a - 287 - 168 = 4*h, -2*h + c = a. What is the units digit of a?
7
Suppose 13*l - 36 = 250. Suppose l*j + 110 = 21*j. What is the tens digit of j*(4/(-6))/(8/6)?
5
Suppose -493*q + 492*q = -6815. What is the hundreds digit of q?
8
Let g(b) = -6*b + 38. Let u be g(6). Suppose -a = u*f - 312, 200 = 4*a + f - 1013. Let m = a + -143. What is the hundreds digit of m?
1
Suppose 252 = -d + 5*c, 0 = -d + 3*c - 312 + 70. Let t = -110 - d. Suppose 813 - t = 6*g. What is the hundreds digit of g?
1
Let g be (-36)/3 - (3 - 3). Let j be 4/(-3)*(-21 - g). What is the units digit of (98/21)/(1/j)?
6
Suppose 639 = 3*n + 3*r, 5*n + 2*r + 411 = 1464. Suppose 206*g + 315 = n*g. What is the units digit of g?
5
Suppose 0 = 5*l, -2*l - 5 = -4*a - 1. What is the units digit of 31/(-62)*(-337 - a)?
9
Let z = -204 + 216. Suppose -f - 18 = -8. What is the units digit of (z/f)/(771/780 - 1)?
4
Suppose b = -5*c + 94, -4*b + 71 = 5*c - 20. Suppose -c*k + 1924 = -6740. What is the tens digit of k?
5
Suppose -470*c = -449*c - 677413 + 9760. What is the tens digit of c?
9
Suppose -57*c = -54*c + 2*q - 6026, 2*c - 2*q - 4034 = 0. What is the units digit of c?
2
Suppose g = -2*p + 6, -5*g - 2*p = 3*p - 30. Let q(h) = -h**2 + 4*h - 1. Let w be q(3). What is the units digit of 1/((w/120)/(g + -4))?
0
Let c be ((-4)/(-8))/(2/(-4)). What is the hundreds digit of (c + 1 - -2)*63609/182?
6
Let b = 1742 + 1933. What is the hundreds digit of b?
6
Let r be 0/3*(-6 + 7). Let o(h) = -h**3 + 7*h**2 - 2*h + 1417. What is the tens digit of o(r)?
1
Suppose 38*i + 25*i - 71420 = 688864. What is the ten thousands digit of i?
1
Suppose -129*x + 130*x + 3 = 0, 2*m - 4*x = 5500. What is the tens digit of m?
4
Let v = -11 + 200. Let n = 125 - v. What is the units digit of 42*(n/12)/(-4)?
6
Let z(a) = 2849*a**2 - 62*a + 61. What is the hundreds digit of z(1)?
8
Let i(j) = 39*j**2 + 36*j + 57. What is the units digit of i(9)?
0
Let g(c) = -216*c - 57. Let o be -2 - ((3 + 2)/5 - 0). What is the units digit of g(o)?
1
Let w = 78 - 68. Suppose 0 = -o + 4*o - 2163. Suppose w*t - o = 3*t. What is the units digit of t?
3
What is the thousands digit of 18 + (26/1 - -58460)?
8
Let x = -46 + 76. Suppose 9*f - x - 6 = 0. What is the units digit of (-2 + 132)/(f/6)?
5
What is the ten thousands digit of -8 + 188/24 + (-4 - (-593945)/30)?
1
Suppose -8*k = -3*k - 4*p + 2111, 0 = 2*k - 5*p + 858. Let i = k + 786. What is the tens digit of i?
6
Let i(c) = -c + 9. Let r = -29 + 29. Let y(o) = o**3 + o**2 - o + 7. Let z be y(r). What is the units digit of i(z)?
2
Let u(d) = -d**2 + 10*d - 16. Let w be u(8). Suppose w = 75*t - 78*t + 27. Suppose -6*y + t*y = 552. What is the units digit of y?
4
Suppose -2*o + 2*x - 2 = 0, -20*o + 5*x - 14 = -18*o. Suppose -4*l = o*v - 12, 0 = 5*l - 2*l. What is the units digit of v?
4
Let c(u) = 4962*u + 588. What is the tens digit of c(2)?
1
Suppose -z + m + 7 = -0*z, 23 = 5*z - 2*m. What is the hundreds digit of ((-2497)/(-22))/(z/12)?
4
Suppose 0 = -16*f + 239 - 319. What is the tens digit of ((-15)/f)/((-3693)/(-1230) + -3)?
3
What is the tens digit of (616/35)/(23/9430)?
1
Suppose 0 = 5*c + 21*n - 22*n - 12888, -3*c + 7742 = 4*n. What is the units digit of c?
8
Suppose -5*x + 15 = 4*z - 5, 5*z = 5*x - 20. Let d = 821 + -819. Suppose x*v = d*v + 168. What is the tens digit of v?
8
Suppose 0 = -0*j + 7*j - 42. Suppose 0 = j*z - 1587 + 573. What is the units digit of z?
9
Let i(z) = 12*z**2 + 19*z + 11934. What is the tens digit of i(0)?
3
Suppose 5750 = 6*z + 2060. Let r = z + 309. What is the tens digit of r?
2
Suppose 7 = 3*t + 115. Let m = t + 83. Suppose 202 - m = b. What is the hundreds digit of b?
1
Suppose -163*l + 164*l = 5. Suppose -5*c + 5120 = -3*d, l*d = -2*c + 1919 + 129. What is the hundreds digit of c?
0
Let s = -2352 + 12528. What is the thousands digit of s?
0
Let j = -3851 + 31504. What is the units digit of j?
3
Let q(v) = v**2 - v + 1. Let i(a) = -a**3 - 13*a**2 - 12*a - 42. Let j(d) = i(d) + 6*q(d). What is the units digit of j(-11)?
6
Let c(j) = -15343*j + 3187. What is the thousands digit of c(-3)?
9
Suppose -5*a + 705 = -295. What is the hundreds digit of (14/(-2) - -5 - -5) + a?
2
Suppose 5*t + 8 = 3*t, -5*t - 821 = n. Let k = n - -1484. What is the hundreds digit of k?
6
Let v be (-1)/(-3) + 576/54. Let t(d) = -d**3 + 11*d**2 + 4*d + 35. Let m be t(v). Suppose m = j - 26. What is the units digit of j?
5
Suppose 0 = -5*g - 3*a + 141969, 4*a + 18982 = g - 9421. What is the hundreds digit of g?
3
Let m = 87 + 137. Suppose -2*k + m = -704. Let g = k + -300. What is the units digit of g?
4
Suppose -77*y = -126*y + 197813. What is the units digit of y?
7
Let m(a) = -3*a + 115. Let b(r) = r - 57. Let k(f) = 7*b(f) + 4*m(f). Let c be k(20). What is the tens digit of (c/(-6) - 0)*12?
7
Let n(l) = -74*l**3 + 3*l**2 + 23*l + 61. What is the hundreds digit of n(-7)?
4
Suppose -129 - 163 = -15*v + 1568. What is the tens digit of v?
2
Suppose -57010 = 11*b - 212880 - 108020. What is the ten thousands digit of b?
2
Suppose -7*c = -5*c + 4. Let y(t) = -2*t**2 + 31*t + 34. Let z(g) = -g**2 + 15*g + 17. Let n(v) = c*y(v) + 5*z(v). What is the tens digit of n(10)?
4
What is the tens d